 = -24*s**2 + 200*s - 1637. Calculate d(8).
-1573
Let n(k) = -24*k**2 + 1947*k - 26174. Give n(17).
-11
Let p(z) = 49263*z - 4581456. What is p(93)?
3
Let z(d) = -479*d**3 + d**2 - 33*d + 53. Give z(2).
-3841
Let t(d) = -255*d - 5934. Calculate t(-20).
-834
Let d(k) = -4041*k + 28280. Calculate d(7).
-7
Let f(x) = -2*x**2 - 101*x - 953. What is f(-39)?
-56
Let m(d) = -d**2 + 182*d + 14559. Calculate m(-58).
639
Let s(p) = -2*p**3 - 196*p**2 - 573*p + 165. What is s(-95)?
450
Let m(x) = x**2 - 457*x - 10112. What is m(-20)?
-572
Let n(l) = -1412*l - 416551. Determine n(-295).
-11
Let r(c) = 81*c + 21448. What is r(-264)?
64
Let d(q) = q**2 - 100*q + 1651. Calculate d(79).
-8
Let a(t) = -2*t**2 + 2879*t + 31965. Give a(-11).
54
Let q(a) = -a**2 - 141*a + 7141. Determine q(40).
-99
Let f(j) = -18*j**2 - 145*j - 108. Calculate f(-4).
184
Let m(d) = 2*d**2 - 484*d + 21610. Determine m(59).
16
Let h(q) = -223*q**2 - 21639*q - 767. Calculate h(-97).
9
Let x(n) = -3996*n - 675330. Determine x(-169).
-6
Let m(s) = 29820*s + 536749. Determine m(-18).
-11
Let y(u) = u**3 - 30*u**2 - 159*u + 345. Give y(-6).
3
Let z(p) = -5*p - 480. Give z(8).
-520
Let z(j) = -13*j + 1062. Give z(31).
659
Let k(t) = -2*t**2 + 433*t - 17512. Calculate k(54).
38
Let c(d) = -d**3 + 46*d**2 - 486*d + 6. Determine c(11).
-1105
Let p(o) = 3967*o - 13183. Calculate p(4).
2685
Let l(b) = 108*b**2 + 280*b - 1126. What is l(4)?
1722
Let q(i) = 1734*i**3 - 41*i**2 + 22*i + 19. Calculate q(1).
1734
Let s(l) = -2*l**3 - 268*l**2 - 4752*l - 135. Determine s(-21).
-9
Let d(k) = -k**3 + 3*k**2 + 5798*k - 46074. Determine d(8).
-10
Let v(s) = s**3 - 102*s**2 + 100*s - 44. What is v(101)?
-145
Let p(u) = 3*u**3 + 422*u**2 + 3836*u + 4810. What is p(-131)?
-37
Let f(b) = 9266*b + 148257. Determine f(-16).
1
Let v(s) = -18*s - 3304. Calculate v(-91).
-1666
Let v(r) = r**2 + 9734*r + 19473. Calculate v(-2).
9
Let m(c) = -c**2 - 2199*c + 13197. Give m(6).
-33
Let r(t) = -974*t + 18499. What is r(19)?
-7
Let p(k) = -11*k**3 - 16*k**2 - 13*k + 52. Calculate p(-6).
1930
Let r(k) = k**3 + 17*k**2 - 44*k - 46. Calculate r(5).
284
Let n(p) = -2*p**2 + 12798*p - 1247388. What is n(99)?
12
Let t(d) = d**3 - 434*d**2 + 3820*d - 50. What is t(9)?
-95
Let m(v) = v**2 - 6117*v + 54941. Give m(9).
-31
Let a(n) = 221*n + 665. What is a(-3)?
2
Let d(p) = -744*p + 5263. What is d(7)?
55
Let q(z) = -z**2 + 1512*z - 48739. Give q(33).
68
Let d(k) = -2*k**3 + 409*k**2 + 617*k + 158. What is d(206)?
-48
Let o(b) = -30*b**2 + 179704*b - 179705. Give o(1).
-31
Let c(f) = 484*f - 77340. Determine c(155).
-2320
Let x(s) = -295*s - 1134. Calculate x(-13).
2701
Let p(t) = t**2 - 144*t + 3146. Give p(124).
666
Let o(l) = 45381*l + 16382533. What is o(-361)?
-8
Let d(m) = -2*m**2 - 257*m - 342. Calculate d(-127).
39
Let y(d) = -6*d**2 + 155*d - 721. Calculate y(5).
-96
Let j(v) = 7851*v - 39155. Determine j(5).
100
Let f(r) = 5*r**2 + 66*r + 1539. What is f(-36)?
5643
Let l(v) = -58*v - 487. What is l(-41)?
1891
Let v(p) = -6898*p**2 + 48279*p + 55. Give v(7).
6
Let q(c) = 2186*c**2 - 16*c + 2. Give q(1).
2172
Let r(d) = 3027*d + 302745. Calculate r(-100).
45
Let y(r) = 14*r**2 - 1129*r - 464. Give y(81).
-59
Let i(s) = 4*s**3 + 555*s**2 - 152*s - 1801. Calculate i(-139).
6
Let o(c) = -2*c**3 - 61*c**2 - 290*c + 49. Calculate o(-6).
25
Let m(a) = -a**3 - 32*a**2 + 1671*a - 594. Determine m(-60).
-54
Let z(a) = -1977*a - 23665. Give z(-12).
59
Let a(v) = 13556*v**2 + 1802949*v + 134. Calculate a(-133).
1
Let q(y) = y**3 + y**2 - 6633*y - 13264. What is q(-2)?
-2
Let v(z) = -36*z**2 + 286*z + 4. What is v(6)?
424
Let y(i) = -3543*i**2 - 28360*i - 2. Give y(-8).
126
Let c(t) = 83285*t + 166846. What is c(-2)?
276
Let d(t) = -706*t - 123557. What is d(-175)?
-7
Let o(c) = -746*c + 24517. Calculate o(33).
-101
Let a(p) = 13827*p + 2834541. Determine a(-205).
6
Let s(w) = -197*w - 35652. Determine s(-173).
-1571
Let u(p) = 5*p**2 - 31*p - 788. Calculate u(-14).
626
Let v(k) = 11065*k + 167780. Calculate v(-15).
1805
Let m(k) = -20*k + 901. Calculate m(28).
341
Let l(q) = 2*q**2 - 3522*q - 28252. Calculate l(-8).
52
Let o(q) = 180*q - 2266. Calculate o(13).
74
Let u(p) = -p**2 - 153*p + 5240. Determine u(28).
172
Let w(f) = -812*f + 15619. What is w(19)?
191
Let j(k) = -k**3 + 36*k**2 - 242*k + 4505. What is j(33)?
-214
Let g(f) = -f**3 + 5*f**2 + 1567*f - 4. Give g(-37).
-485
Let w(u) = -35*u**2 + 889*u + 4483. Calculate w(-5).
-837
Let l(b) = -770*b - 9071. Give l(-12).
169
Let n(w) = -w**2 - 38354*w - 1915207. Give n(-50).
-7
Let q(r) = r**2 + 4301*r + 136614. Determine q(-32).
6
Let w(h) = -63921*h + 9843846. Determine w(154).
12
Let a(g) = g**2 - 1087*g - 17666. What is a(-16)?
-18
Let c(n) = -4638*n + 31699. Determine c(7).
-767
Let n(y) = 281*y**3 - 71654*y**2 - 252*y - 744. Give n(255).
21
Let m(u) = 9*u**3 - 117*u**2 - 1025*u - 51. Calculate m(-8).
-3947
Let z(s) = s**2 - 247887*s + 1487289. Calculate z(6).
3
Let v(z) = 1422*z - 1329. Give v(1).
93
Let k(d) = 18984*d + 569711. What is k(-30)?
191
Let a(t) = 2*t**3 + 1209*t**2 + 45*t - 337642. Determine a(-604).
-6
Let o(u) = -399*u - 5453. Give o(-12).
-665
Let l(p) = 296*p - 8954. Give l(29).
-370
Let d(s) = 4*s**3 - 5*s**2 - 531*s - 1902. What is d(-8)?
-22
Let g(p) = 933*p**2 + 10242*p. What is g(-11)?
231
Let j(c) = -25297*c**2 + 25252*c - 2. Give j(1).
-47
Let y(u) = 382104*u - 16812563. What is y(44)?
13
Let y(b) = -48*b**3 + 17042*b**2 - 723*b + 4624. Determine y(355).
9
Let z(c) = -23120*c + 138836. What is z(6)?
116
Let o(m) = m**3 - 65*m**2 + 285*m + 888. Determine o(60).
-12
Let h(x) = -2*x**2 - 2957*x + 90410. Calculate h(30).
-100
Let r(u) = -4*u**3 - 283*u**2 - 1245*u + 610. What is r(-66)?
16
Let a(h) = -349*h + 78874. Determine a(226).
0
Let x(l) = 5*l**2 + 1239*l - 37401. Calculate x(-275).
-1
Let w(c) = c**2 + 3611*c + 669345. Determine w(-196).
5
Let l(f) = f**3 - 3*f**2 - 31*f + 14. Give l(2).
-52
Let f(j) = 76*j**2 + 8431*j - 556. Calculate f(-111).
-1
Let q(a) = 1548*a + 79766. Calculate q(-51).
818
Let g(q) = 34*q**3 - 507*q**2 - 42*q - 53. Determine g(15).
-8
Let v(w) = 14*w**2 + 554*w + 546. What is v(-40)?
786
Let n(w) = 3*w**2 - 30008*w + 1016807. Calculate n(34).
3
Let v(m) = 6*m**2 + 12*m - 25. Calculate v(-8).
263
Let h(x) = -4*x**3 - 539*x**2 - 591*x - 25343. What is h(-134)?
-17
Let q(v) = -v**3 + 1446*v**2 + 13161*v + 92. Determine q(-9).
-502
Let u(o) = -20*o**2 + 20397*o + 20400. Determine u(-1).
-17
Let q(g) = -813*g + 5532. Give q(6).
654
Let u(t) = t**2 + 18*t - 2026. Give u(-47).
-663
Let o(c) = -c**2 - 436*c + 258263. Calculate o(-771).
-22
Let x(b) = -b**2 - 21*b - 110. Calculate x(-16).
-30
Let f(r) = 8*r**2 + 302*r + 68. Determine f(-38).
144
Let l(b) = b**3 + 51*b**2 + 379*b + 36878. Determine l(-56).
-26
Let s(t) = -4426*t + 185903. Determine s(42).
11
Let p(o) = -883086*o - 883085. Determine p(-1).
1
Let b(i) = 248350*i - 4718650. Give b(19).
0
Let v(a) = 23*a**2 - 157*a - 335. Give v(8).
-119
Let p(o) = -o**3 + 195*o**2 - 675*o + 55814. Determine p(193).
37
Let m(r) = 188*r**2 - 3549*r - 430. Calculate m(19).
7
Let y(c) = 72600*c - 1524601. What is y(21)?
-1
Let s(r) = 119*r**2 - 3693*r + 88. What is s(31)?
-36
Let r(p) = -683*p + 7569. Determine r(11).
56
Let c(u) = -7*u - 1416. What is c(-79)?
-863
Let u(r) = 36*r**3 + 1909*r**2 + 44*r - 483. What is u(-53)?
-6
Let q(v) = 20*v**2 - 722*v + 3397. Calculate q(30).
-263
Let s(a) = -3*a**2 + 32*a + 248. What is s(16)?
-8
Let z(s) = -8*s**2 - 195*s + 3882. What is z(13)?
-5
Let j(z) = -71570*z + 6512859. Calculate j(91).
-11
Let d(z) = 6*z**2 + 173*z + 751. Calculate d(-19).
-370
Let a(s) = -726*s - 6400. Give a(-9).
134
Let a(i) = i**3 + 402*i**2 + 10139*i + 345. Calculate a(-27).
-33
Let n(t) = -6*t**3 + 432*t**2 - 1527*t - 32367. Calculate n(67).
-6
Let w(u) = -937*u + 11232. Determine w(12).
-12
Let x(c) = 148*c**2 - 5476*c + 52. Give x(37).
52
Let j(q) = q**3 + 79*q**2 + 164*q - 171. Calculate j(-77).
-941
Let f(x) = 10*x**2 + 58*x - 2228. What is f(-18)?
-32
Let o(m) = -17065*m - 341883. Determine o(-20).
-583
Let q(o) = -o**3 + 57*o**2 - 75*o - 1930. Calculate q(55).
-5
Let p(h) = 1468*h**2 - 5*h + 6. Determine p(-1).
1479
Let n(y) = -y**2 - 393605*y - 2361606. Ca